uppose 2 = 5*c - 4*c. What is the remainder when 24 is divided by c/(22/18 + -1)?
6
Suppose -3*v + 4*v = -1, -4*r + 179 = -3*v. Suppose -3*s = -s - r. What is the remainder when s is divided by 8?
6
Let j(x) = -47*x. Let v = 11 - -1. Calculate the remainder when j(-1) is divided by v.
11
Suppose 139 = m - 2*o, 3*o - 411 = -3*m + 6*o. Suppose 2*h + h - m = -5*g, 2*h = -g + 20. Suppose y - g = 16. Calculate the remainder when y is divided by 16.
14
Suppose 3*t + 0 = 5*s - 3, t = -4*s - 1. Suppose s = -p - p. What is the remainder when p + -1 + (13 - 3) is divided by 4?
1
Suppose -4*x + 3 + 37 = 0. Suppose -144 = -4*c + 2*z, -2*z + 46 = 2*c - 38. Calculate the remainder when c is divided by x.
8
Let r(s) = s**3 - 7*s**2 + 15. What is the remainder when 70 is divided by r(7)?
10
Let c(j) = j - 6. Let f be c(-6). What is the remainder when (1/2)/(f/(-840)) is divided by 18?
17
What is the remainder when 32 is divided by -6 + 2 - (-119)/7?
6
Let s = 31 - 18. What is the remainder when 51 is divided by s?
12
Let c be (-3)/(-12)*-6*6. Let k be (9 - 7) + (c - 0). Let t = k + 11. What is the remainder when 5 is divided by t?
1
Suppose -31 = -4*p + 5*q, -4*p - 4*q + 1 + 3 = 0. What is the remainder when 11 is divided by p?
3
Let t(p) = -p - 1. Let h be t(-6). Suppose -h = -4*n + 7. Suppose 12 = 3*a + n. What is the remainder when 7 is divided by a?
1
Suppose 3*n + 47 + 19 = -3*p, -3*p + 5*n - 90 = 0. Let t = -38 - p. Let z = -5 - t. Calculate the remainder when z is divided by 5.
3
Let i(t) = -46*t**3 + t**2 - t - 1. Let c be (-3)/4 - (-6)/(-24). What is the remainder when i(c) is divided by 16?
15
Let j = 0 + 58. Calculate the remainder when j is divided by 31.
27
Suppose 0 = -5*w - v + 135, 5*v = -3*w - 13 + 72. Calculate the remainder when 104 is divided by w.
20
Let z(q) = -q**3 + 9*q**2 + q - 13. Suppose 3*n - 30 = 2*n. What is the remainder when z(8) is divided by n?
29
Let s(v) = 5*v**2 - 5*v - 2. Calculate the remainder when 55 is divided by s(-2).
27
Suppose 3 + 11 = 2*a. What is the remainder when a is divided by (9 - 0)*6/18?
1
Let o(f) = -4*f**3 + 2*f - 1. Let u be o(1). Let q = 8 + u. Suppose -9 = -y + q. Calculate the remainder when 40 is divided by y.
12
Let f(t) = t**3 - 6*t**2 + 8*t - 3. Suppose -7*z = -6*z - 35. What is the remainder when z is divided by f(5)?
11
Let m(f) = 2*f**2 + 14*f - 13. What is the remainder when m(-12) is divided by 27?
26
Let v = 40 + -29. Let q = 16 - v. Suppose -32 = -5*d + 13. Calculate the remainder when d is divided by q.
4
Let h(j) = -10*j - 1. Suppose 5*x + 0 + 5 = 0. What is the remainder when h(x) is divided by 2?
1
Let s be -1*(3 + -21)/2. Suppose s*k - 3*k = 270. Calculate the remainder when k is divided by 12.
9
Suppose 0 = 4*o - 5*o + 19. Let y(x) = 2*x + 4. Let a be y(-5). Calculate the remainder when o is divided by (14 - -1)*(-4)/a.
9
Let j = 51 + -39. Suppose -2*f = 2*f + 5*b - 156, 72 = 2*f + b. Calculate the remainder when f is divided by j.
10
Suppose 4*z - 63 = 45. Suppose 0 = 4*b - 52 - 4. Calculate the remainder when z is divided by b.
13
Let u(f) = 2*f**2 + f - 1. Let b be u(1). Suppose b*d - d = 11. Calculate the remainder when d is divided by -1 + (3 - 1)/2*7.
5
Suppose 0 = -2*j + 4*j - 2. What is the remainder when 2/j + 96/8 is divided by 5?
4
Let f be 3516/27 - (-2)/(-9). Let o = -75 + f. Calculate the remainder when o is divided by 14.
13
Let c = 107 - 69. Calculate the remainder when c is divided by 14.
10
Suppose 4*y - 7 = 3*y. Let x = y + -1. Calculate the remainder when x is divided by 4.
2
Suppose 654 - 134 = 10*s. Calculate the remainder when 205 is divided by s.
49
What is the remainder when 137 is divided by (60/75)/((-1)/(-60)) - 1?
43
Let l(x) = -x**2 - 5*x - 3. Let g be l(-3). Suppose g*c = -9, -3*c + 19 = 2*b + 2*c. What is the remainder when b is divided by 6?
5
Suppose -2*o = -46 + 4. Suppose 49 = 4*m + 5*q + 16, -3*m - 3*q = -o. Suppose -22 = -0*g - m*g. Calculate the remainder when 32 is divided by g.
10
Suppose 7*m = 2*m + 20. Let v = -2 + m. Calculate the remainder when (-30)/8*60/(-45) is divided by v.
1
What is the remainder when 57 is divided by 12/(-78) + (-216)/(-52)?
1
Let s(c) = -c**3 + 8*c**2 - 8*c + 7. What is the remainder when s(6) is divided by 4?
3
Let c(w) = -12*w - 44. Calculate the remainder when 167 is divided by c(-6).
27
What is the remainder when 33 is divided by (-2 + 6/4)*-12?
3
Suppose k + 4*b - 4 = -0*k, -2*b = -3*k + 54. What is the remainder when (-266)/(-6) + (-6)/(-9) is divided by k?
13
Suppose -12 = -4*w + 8. Suppose t + 1 = w. Suppose -4 = -t*v + 16. Calculate the remainder when 9 is divided by v.
4
Calculate the remainder when 112 is divided by (-26 + (-6 - -3))*-1.
25
Let i(y) = -y - 10. Let n be i(-6). Let m be n + 47 + -1*2. Calculate the remainder when 0 + (m - (-1 + 2)) is divided by 14.
12
Let a(t) = t**3 - 3*t**2 - 7*t + 7. Suppose 4*s - 3*s + 1 = 0. Calculate the remainder when a(5) is divided by (-3)/(1*s/4).
10
Suppose 0 = 2*p - 6 - 26. Suppose -81 = -3*n + 99. Suppose 3*u = n + 75. What is the remainder when u is divided by p?
13
Suppose 0 = 4*q - f + 89, 0 = 3*q - 0*q - f + 67. Let r = -5 - q. Calculate the remainder when r is divided by 9.
8
Let q(f) = 11*f**3 + f**2 - 2*f + 1. Calculate the remainder when q(1) is divided by 2.
1
Suppose 4 = 3*o - 2*o, -4*o = -4*q + 24. What is the remainder when q is divided by 3 + (-4 + 7 - 2)?
2
Suppose 1 + 5 = -3*c. What is the remainder when (5 + -1)/(c/(-11)) is divided by 6?
4
Suppose -5*l + 27 = -0*l - 2*n, 4*n - 9 = l. Let m = l + 3. Let c = m - -7. What is the remainder when c is divided by 9?
8
Suppose -5*h + h = -20. Let t = h + -4. Let f(s) = 7*s**3 + s**2 - 1. Calculate the remainder when 12 is divided by f(t).
5
Let j(x) be the third derivative of x**4/4 + x**3/3 - x**2. Calculate the remainder when 58/6*(-24)/(-4) is divided by j(3).
18
Let w = -28 - -43. Let d = -40 + 78. Calculate the remainder when d is divided by (5 - 2)*100/w.
18
Suppose -3*p - 3*u + 6 = -36, 4*p - 2*u = 74. What is the remainder when 67 is divided by p?
16
Let o = 38 + 8. What is the remainder when o is divided by 6?
4
Let n be (4/5)/(4/10). Suppose n*m - 3 = i - 14, -3*m = -4*i + 34. What is the remainder when i is divided by 3?
1
Suppose -4*q + 9 = -7. Calculate the remainder when 8 is divided by q.
0
Let n be 5/(-2)*(17 + -19). Suppose -n*q + 21 = -64. Calculate the remainder when q is divided by 7.
3
Suppose -4*d + 23 = 5*o - 25, -4*d = -5*o + 32. Let w(i) = -5*i - 3. Calculate the remainder when w(-5) is divided by o.
6
Let i = 2 + 0. Let r = -1 - -3. Calculate the remainder when i is divided by r.
0
Let q be (-110)/9 - 8/(-36). Let y = q - -19. What is the remainder when 27 is divided by y?
6
What is the remainder when 53 is divided by 2/5*(42 + -7)?
11
Suppose -4*a - 69 = -5*a. Calculate the remainder when a is divided by 26.
17
Suppose 0 = 2*t + 3*t - 65. Let s = 41 - 16. What is the remainder when s is divided by t?
12
Let u be (-14)/(-6) + (-3)/9. Suppose -u*h + 4*k - 5*k = 0, h + 2*k + 6 = 0. Calculate the remainder when h is divided by 2.
0
Suppose -9*z + 61 + 29 = 0. Suppose -t - 8 = -0*t. Let d = 14 + t. Calculate the remainder when z is divided by d.
4
Let r(t) = -t + 9. Let p be (-7 - -9) + -1 + -1. What is the remainder when r(p) is divided by 4?
1
Let n = -64 + 80. What is the remainder when 61 is divided by n?
13
Suppose 7*t = 3*t + 140. Suppose 4*o = -k + 145, 4*o - k - t = 3*o. Let x = o - 11. What is the remainder when x is divided by 9?
7
Suppose 3*n + 50 = 5*n. What is the remainder when n is divided by 7?
4
Suppose 0 = -5*d + 4*s + 109, -3*s + 1 - 14 = -d. Suppose -66 + 202 = 4*p. Let l = p - 21. Calculate the remainder when d is divided by l.
12
Let f(p) = 12*p**2 - p + 3. Calculate the remainder when f(-2) is divided by 19.
15
Let n = 40 - 22. What is the remainder when 33 is divided by n?
15
Suppose u = 2*k + 6, 0*k - 4*k = -3*u + 22. What is the remainder when 88 is divided by u?
8
Suppose -3*g + 91 = 22. Let x be 15/21 + 2/7. Let y = 11 + x. What is the remainder when g is divided by y?
11
Suppose 0 + 14 = 2*i. Calculate the remainder when 19 is divided by i.
5
Let d = 2 - 2. Suppose z - 31 = -d. Let x(n) = n**2 - 2*n - 4. What is the remainder when z is divided b